{"id":16,"date":"2022-11-24T21:43:40","date_gmt":"2022-11-24T20:43:40","guid":{"rendered":"https:\/\/kobistudio.ceron.pl\/?page_id=16"},"modified":"2023-10-04T22:28:28","modified_gmt":"2023-10-04T20:28:28","slug":"blog","status":"publish","type":"page","link":"https:\/\/twarzowelove.ceron.pl\/?page_id=16","title":{"rendered":"Wybierz zabieg dla siebie"},"content":{"rendered":"\n<p>MASA\u017b KOBIDO<\/p>\n\n\n\n<p>Opis zabiegu<\/p>\n\n\n\n<p>Zach\u0119camy do zapoznania si\u0119 z japo\u0144skim rytua\u0142em pi\u0119kna i zdrowia \u2013 masa\u017cem Kobido. Jest to liftinguj\u0105cy masa\u017c twarzy i doskona\u0142a alternatywa dla zabieg\u00f3w medycyny estetycznej. Jego celem jest usuni\u0119cie wszelkich napi\u0119\u0107, kt\u00f3re powoduj\u0105 zmarszczki, nier\u00f3wno\u015bci i gryma\u015bn\u0105 mimik\u0119 twarzy. Poprzez swoj\u0105 z\u0142o\u017cono\u015b\u0107 i intensywno\u015b\u0107 technik, dzia\u0142aj\u0105cych na g\u0142\u0119bszych warstwach sk\u00f3ry, Kobido prowadzi do naturalnego efektu liftingu. Zabieg jest ca\u0142kowicie naturaln\u0105 i nieinwazyjn\u0105 alternatyw\u0105 dla wszystkich, kt\u00f3rzy boj\u0105 si\u0119 igie\u0142 i nie chc\u0105 podda\u0107 si\u0119 zabiegom inwazyjnym. Obszar, na kt\u00f3rym dzia\u0142amy, to mi\u0119\u015bnie dekoltu, szyi, grzbietu, g\u0142owy oraz twarzy. Kobido jest zabiegiem, niezwykle przyjemym, relaksuj\u0105cym i odpr\u0119\u017caj\u0105cym. Ponadto dobrze wykonany masa\u017c pozwoli Ci pozby\u0107 si\u0119 uci\u0105\u017cliwych b\u00f3l\u00f3w g\u0142owy i poprawi prac\u0119 uk\u0142adu trawiennego.&nbsp;Pierwsze dobroczynne efekty japo\u0144skiego liftingu ujrzysz ju\u017c po pierwszym zabiegu. W celu pog\u0142\u0119bienia oraz utrzymania efekt\u00f3w sugerowane jest powt\u00f3rzenie masa\u017cu dwa razy w miesi\u0105cu, a p\u00f3\u017aniej raz w miesi\u0105cu.<\/p>\n\n\n\n<p>Efekty zabiegu<\/p>\n\n\n\n<p>redukcja zmarszczek, zniwelowanie cieni i work\u00f3w pod oczami<br>promienna i roz\u015bwietlona sk\u00f3ra<br>napi\u0119ty owal twarzy<br>pobudzenie produkcji kolagenu i elastyny, efekt &#8211; naturalnie od\u017cywiona<br>i odm\u0142odzona sk\u00f3ra<br>rozlu\u017anienie mi\u0119\u015bni twarzy i usuni\u0119cie napi\u0119\u0107<br>wewn\u0119trzna r\u00f3wnowaga ca\u0142ego organizmu.<\/p>\n\n\n\n<p>Przebieg zabiegu: demakija\u017c, peeling twarzy, tonizacja, masa\u017c w\u0142a\u015bciwy (relaksacja, drena\u017c limfatyczny, lifting, akupresura).<br>Przeciwskazania do zabiegu<br>Masa\u017c Kobido jest zabiegiem bezpiecznym i nieinwazyjnym, jednak i tutaj istniej\u0105 przeciwwskazania do zabiegu. S\u0105 to ostre stany zapalne sk\u00f3ry, ekstrakcje z\u0119bowe, stany ropne oko\u0142oz\u0119bowe, nowotwory, cukrzyca, og\u00f3lny z\u0142y stan organizmu, nieuregulowane nadci\u015bnienie t\u0119tnicze, tr\u0105dzik r\u00f3\u017cowaty w fazie zaostrzenia. Nale\u017cy odczeka\u0107 do czterech tygodni po zastosowaniu wype\u0142niaczy, botox &#8211; 2 tygodnie, nici PDO &#8211; do 6 miesi\u0119cy, po zabiegach laserowych oraz mezoterapii do czasu zaniku stanu zapalnego.<\/p>\n\n\n\n<p>OCZYSZCZANIE WODOROWE<\/p>\n\n\n\n<p>Opis zabiegu<\/p>\n\n\n\n<p>Oczyszczanie wodorowe to hit, kt\u00f3ry \u0142\u0105czy w sobie to, co najwa\u017cniejsze w piel\u0119gnacji sk\u00f3ry \u2013 g\u0142\u0119bokie oczyszczenie, nawil\u017cenie, rewitalizacj\u0119, dotlenienie oraz zahamowanie proces\u00f3w starzenia si\u0119. Oczyszczanie wodorowe polecamy dla wszystkich \u2013 kobiet i m\u0119\u017cczyzn, kt\u00f3rzy chc\u0105 zadba\u0107 o swoj\u0105 sk\u00f3r\u0119, a tak\u017ce dla nastolatk\u00f3w zmagaj\u0105cych si\u0119 z niedoskona\u0142o\u015bciami wieku m\u0142odzie\u0144czego. Zabieg jest niesamowicie przyjemny, bezpieczny i nieinwazyjny.<\/p>\n\n\n\n<p>Efekty zabiegu<\/p>\n\n\n\n<ul class=\"wp-block-list\">\n<li>czysta, od\u017cywiona i napi\u0119ta sk\u00f3ra<\/li>\n\n\n\n<li>zmarszczki i opuchlizny na twarzy widocznie wyg\u0142adzone<\/li>\n\n\n\n<li>usuni\u0119cie kom\u00f3rek zrogowacia\u0142ego nask\u00f3rka, oczyszczenie uj\u015b\u0107 gruczo\u0142\u00f3w \u0142ojowych<\/li>\n\n\n\n<li>zmniejszenie zask\u00f3rnik\u00f3w.<\/li>\n<\/ul>\n\n\n\n<p>Przebieg zabiegu: demakija\u017c, oczyszczenie twarzy za pomoc\u0105 aktywnego wodoru, tonizacja, rozprowadznie ampu\u0142ki dedykowanej do danego typu cery, zamkni\u0119cie por\u00f3w poprzez g\u0142owice przewodz\u0105ce pr\u0105d i wt\u0142oczenie produktu w g\u0142\u0119bokie warstwy sk\u00f3ry.<\/p>\n\n\n\n<p>Przeciwskazania do zabiegu<br>Oczyszczanie wodorowe to zabieg przyjemny, bezpieczny i nieinwazyjny, ale istniej\u0105 przeciwwskazania do jego wykonania: ostre stany zapalne, infekcje wirusowe i bakteryjne sk\u00f3ry, alergie, nowotwory, cukrzyca, ci\u0105\u017ca, epilepsja.<\/p>\n\n\n\n<p>PEELING KAWITACYJNY<\/p>\n\n\n\n<p>Opis zabiegu<br>Peeling kawitacyjny&nbsp;to nieinwazyjny zabieg kosmetyczny, kt\u00f3ry pozwala na g\u0142\u0119bokie oczyszczenie sk\u00f3ry ze z\u0142uszczonego nask\u00f3rka. Dzi\u0119ki specjalnym urz\u0105dzeniom wykorzystywanym podczas zabiegu, sk\u00f3ra twarzy zostaje oczyszczona du\u017co g\u0142\u0119biej ni\u017c w przypadku domowych peeling\u00f3w. Do przeprowadzenia zabiegu wykorzystywane s\u0105 ultrad\u017awi\u0119ki, kt\u00f3rych dzia\u0142anie stymuluje fibroblasty do produkcji w\u0142\u00f3kien kolagenowych i elastynowych, co zapobiega spadkowi j\u0119drno\u015bci sk\u00f3ry.<\/p>\n\n\n\n<p>Efekty zabiegu<\/p>\n\n\n\n<ul class=\"wp-block-list\">\n<li>oczyszczona sk\u00f3ra<\/li>\n\n\n\n<li>usuni\u0119cie nadmiaru sebum, redukcja zask\u00f3rnik\u00f3w<\/li>\n\n\n\n<li>napi\u0119ta, wyg\u0142adzona twarz<\/li>\n\n\n\n<li>cera pe\u0142na blasku<\/li>\n<\/ul>\n\n\n\n<p>Przebieg zabiegu: demakija\u017c, oczyszczenie twarzy za pomoc\u0105 kawitacji, tonizacja, rozprowadznie ampu\u0142ki dedykowanej do danego typu cery, zamkni\u0119cie por\u00f3w poprzez g\u0142owice przewodz\u0105ce pr\u0105d i wt\u0142oczenie produktu w g\u0142\u0119bokie warstwy sk\u00f3ry.<\/p>\n\n\n\n<p>Przeciwskazania do zabiegu<br>Choroby bakteryjne, grzybicze, nowotworowe sk\u00f3ry, tr\u0105dzik w stanie ropnym, tr\u0105dzik r\u00f3\u017cowaty w fazie zaostrzenia, zaburzenia rytmu serca, wszczepiony rozrusznik serca i inne implanty elektroniczne, zakrzepowe zapalenie \u017cy\u0142, ostre stany zapalne, stany gor\u0105czkowe, niewydolno\u015b\u0107 kr\u0105\u017cenia, nadci\u015bnienie t\u0119tnicze.<\/p>\n\n\n\n<p>PEELING Z KWASEM MIGDA\u0141OWYM<\/p>\n\n\n\n<p>Opis zabiegu<br>Peeling 50 % kwasem migda\u0142owym polega na eksfoliacji sk\u00f3ry twarzy, szyi i dekoltu. Zabieg nie wykazuje dzia\u0142ania toksycznego, tworzy na sk\u00f3rze filtr ochronny przeciw fotostarzeniu i szkodliwemu dzia\u0142aniu promieniowania UV. Mo\u017ce by\u0107 stosowany do ka\u017cdego typu cery, nawet wra\u017cliwej. Ze wzgl\u0119du na w\u0142a\u015bciwo\u015bci bakteriob\u00f3jcze, kwas migda\u0142owy doskonale sprawdza si\u0119 u chorych z tr\u0105dzikiem pospolitym z obecno\u015bci\u0105 zask\u00f3rnik\u00f3w i krost zapalnych. Po zabiegu z\u0142uszczanie sk\u00f3ry jest niewielkie i ma\u0142o widoczne. Peeling daje natychmiastowy efekt \u015bwietlisto\u015bci i czysto\u015bci, a przy tym nie wy\u0142\u0105cza pacjenta z \u017cycia codziennego. Zaleca si\u0119 wykonanie serii 4 \u2013 6 zabieg\u00f3w co dwa tygodnie.<\/p>\n\n\n\n<p>Efekty zabiegu<\/p>\n\n\n\n<ul class=\"wp-block-list\">\n<li>rozja\u015bnienie przebarwie\u0144<\/li>\n\n\n\n<li>redukcja zask\u00f3rnik\u00f3w<\/li>\n\n\n\n<li>zniwelowanie drobnych zmarszczek<\/li>\n\n\n\n<li>poprawa cery tr\u0105dzikowej, t\u0142ustej<\/li>\n\n\n\n<li>\u015bwietlista, jasna sk\u00f3ra.<\/li>\n<\/ul>\n\n\n\n<p>Przebieg zabiegu<br>Demakija\u017c, aplikacja kwasu migda\u0142owego na twarz, zneutralizowanie kwasu, na\u0142o\u017cenie koj\u0105cej maski algowej, wyko\u0144czenie p\u00f3\u0142t\u0142ustym kremem okluzyjnym.<\/p>\n\n\n\n<p>Przeciwwskazania do zabiegu<br>Przerwanie ci\u0105g\u0142o\u015bci nask\u00f3rka (skaleczenia, zadrapania, otarcia, \u015bwie\u017ce blizny), alergie sk\u00f3rne, procesy zapalne (np. atopowe zapalenie sk\u00f3ry, \u0142ojotokowe zapalenie sk\u00f3ry, \u0142uszczyca), choroby wirusowe (np. opryszczka), bakteryjne, grzybicze, nowotwory sk\u00f3ry, liczne teleangiektazje, bardzo ci\u0119\u017ckie postacie tr\u0105dziku (liczne krosty, torbiele ropne) &#8211; zalecana wcze\u015bniejsza farmakoterapia, doustne i miejscowe leczenie retinoidami do 6 miesi\u0119cy od zako\u0144czenia terapii, alergia na migda\u0142y.<\/p>\n\n\n\n<p>MASA\u017b ANTYCELLULITOWY BA\u0143K\u0104 CHI\u0143SK\u0104<\/p>\n\n\n\n<p>Opis zabiegu<br>Masa\u017c ba\u0144k\u0105 chi\u0144sk\u0105 to jedna z najbardziej polecanych i skutecznych terapii antycellulitowych. Dlaczego warto wypr\u00f3bowa\u0107 zabieg? Masa\u017c ba\u0144k\u0105 chi\u0144sk\u0105 dzia\u0142a na zasadzie podci\u015bnienia, kt\u00f3re powstaje poprzez zassanie sk\u00f3ry tym silikonowym akcesorium. To wspomaga przep\u0142yw limfy, zwi\u0119ksza ukrwienie, dotlenia tkanki i dzia\u0142a na sk\u00f3r\u0119 silnie pobudzaj\u0105co. Efekt?Stopniowa redukcja cellulitu! Masa\u017c najlepiej wykona\u0107 w serii (5 \u2013 10 zabieg\u00f3w raz w tygodniu).<\/p>\n\n\n\n<p>Efekty zabiegu:<\/p>\n\n\n\n<ul class=\"wp-block-list\">\n<li>wyg\u0142adzenie, uj\u0119drnienie, uelastycznienie sk\u00f3ry<\/li>\n\n\n\n<li>dobrze ukrwiona sk\u00f3ra lepiej wch\u0142ania kosmetyki<\/li>\n\n\n\n<li>pozbycie si\u0119 toksyn z organizmu<\/li>\n\n\n\n<li>wyra\u017ana redukcja cellulitu<\/li>\n<\/ul>\n\n\n\n<p>Przebieg zabiegu:<br>Aplikacja olejku antycellulitowego na brzuch, uda, po\u015bladki, ruchy masuj\u0105ce od kostek w kierunku w\u0119z\u0142\u00f3w ch\u0142onnych.<\/p>\n\n\n\n<p>Przeciwwskaznia do zabiegu<br>Sk\u00f3ra naczynkowa, bardzo wra\u017cliwa, uszkodzona, egzema, tr\u0105dzik, ci\u0105\u017ca, \u017cylaki, tendencje do powstawania siniak\u00f3w. Przy tendencji do p\u0119kaj\u0105cych naczynek najlepiej skonsultowa\u0107 si\u0119 z flebologiem i zapyta\u0107 czy mo\u017cna wykonywa\u0107 zabieg.&nbsp;<\/p>\n","protected":false},"excerpt":{"rendered":"<p>MASA\u017b KOBIDO Opis zabiegu Zach\u0119camy do zapoznania si\u0119 z japo\u0144skim rytua\u0142em pi\u0119kna i zdrowia \u2013 masa\u017cem Kobido. Jest to liftinguj\u0105cy masa\u017c twarzy i doskona\u0142a alternatywa dla zabieg\u00f3w medycyny estetycznej. Jego celem jest usuni\u0119cie wszelkich napi\u0119\u0107, kt\u00f3re powoduj\u0105 zmarszczki, nier\u00f3wno\u015bci i gryma\u015bn\u0105 mimik\u0119 twarzy. Poprzez swoj\u0105 z\u0142o\u017cono\u015b\u0107 i intensywno\u015b\u0107 technik, dzia\u0142aj\u0105cych na g\u0142\u0119bszych warstwach sk\u00f3ry, Kobido &hellip; <\/p>\n<p class=\"link-more\"><a href=\"https:\/\/twarzowelove.ceron.pl\/?page_id=16\" class=\"more-link\">Czytaj dalej<span class=\"screen-reader-text\"> \u201eWybierz zabieg dla siebie\u201d<\/span><\/a><\/p>\n","protected":false},"author":1,"featured_media":133,"parent":0,"menu_order":0,"comment_status":"closed","ping_status":"closed","template":"","meta":{"footnotes":""},"class_list":["post-16","page","type-page","status-publish","has-post-thumbnail","hentry"],"_links":{"self":[{"href":"https:\/\/twarzowelove.ceron.pl\/index.php?rest_route=\/wp\/v2\/pages\/16","targetHints":{"allow":["GET"]}}],"collection":[{"href":"https:\/\/twarzowelove.ceron.pl\/index.php?rest_route=\/wp\/v2\/pages"}],"about":[{"href":"https:\/\/twarzowelove.ceron.pl\/index.php?rest_route=\/wp\/v2\/types\/page"}],"author":[{"embeddable":true,"href":"https:\/\/twarzowelove.ceron.pl\/index.php?rest_route=\/wp\/v2\/users\/1"}],"replies":[{"embeddable":true,"href":"https:\/\/twarzowelove.ceron.pl\/index.php?rest_route=%2Fwp%2Fv2%2Fcomments&post=16"}],"version-history":[{"count":6,"href":"https:\/\/twarzowelove.ceron.pl\/index.php?rest_route=\/wp\/v2\/pages\/16\/revisions"}],"predecessor-version":[{"id":140,"href":"https:\/\/twarzowelove.ceron.pl\/index.php?rest_route=\/wp\/v2\/pages\/16\/revisions\/140"}],"wp:featuredmedia":[{"embeddable":true,"href":"https:\/\/twarzowelove.ceron.pl\/index.php?rest_route=\/wp\/v2\/media\/133"}],"wp:attachment":[{"href":"https:\/\/twarzowelove.ceron.pl\/index.php?rest_route=%2Fwp%2Fv2%2Fmedia&parent=16"}],"curies":[{"name":"wp","href":"https:\/\/api.w.org\/{rel}","templated":true}]}}