{"id":15,"date":"2022-11-24T21:43:40","date_gmt":"2022-11-24T20:43:40","guid":{"rendered":"https:\/\/kobistudio.ceron.pl\/?page_id=15"},"modified":"2023-10-04T23:08:14","modified_gmt":"2023-10-04T21:08:14","slug":"kontakt","status":"publish","type":"page","link":"https:\/\/twarzowelove.ceron.pl\/?page_id=15","title":{"rendered":"Kontakt"},"content":{"rendered":"\n<p>                                                                                                                                                                                                                                   <\/p>\n\n\n<\/p>\n\n\n<p>Kosmetologia naturalna<br>Twarzowe Love<br>ul. Wsp\u00f3lna 40, 61-479 Pozna\u0144<br>Rezerwacja zabieg\u00f3w: +48 664 959 287<br>Facebook : https:\/\/www.facebook.com\/profile.php?id=61551510041096<\/p>\n\n\n<\/p>\n\n\n<p> <br>&nbsp;<\/p>\n","protected":false},"excerpt":{"rendered":"<p>Kosmetologia naturalnaTwarzowe Loveul. Wsp\u00f3lna 40, 61-479 Pozna\u0144Rezerwacja zabieg\u00f3w: +48 664 959 287Facebook : https:\/\/www.facebook.com\/profile.php?id=61551510041096 &nbsp;<\/p>\n","protected":false},"author":1,"featured_media":116,"parent":0,"menu_order":0,"comment_status":"closed","ping_status":"closed","template":"","meta":{"footnotes":""},"class_list":["post-15","page","type-page","status-publish","has-post-thumbnail","hentry"],"_links":{"self":[{"href":"https:\/\/twarzowelove.ceron.pl\/index.php?rest_route=\/wp\/v2\/pages\/15","targetHints":{"allow":["GET"]}}],"collection":[{"href":"https:\/\/twarzowelove.ceron.pl\/index.php?rest_route=\/wp\/v2\/pages"}],"about":[{"href":"https:\/\/twarzowelove.ceron.pl\/index.php?rest_route=\/wp\/v2\/types\/page"}],"author":[{"embeddable":true,"href":"https:\/\/twarzowelove.ceron.pl\/index.php?rest_route=\/wp\/v2\/users\/1"}],"replies":[{"embeddable":true,"href":"https:\/\/twarzowelove.ceron.pl\/index.php?rest_route=%2Fwp%2Fv2%2Fcomments&post=15"}],"version-history":[{"count":4,"href":"https:\/\/twarzowelove.ceron.pl\/index.php?rest_route=\/wp\/v2\/pages\/15\/revisions"}],"predecessor-version":[{"id":158,"href":"https:\/\/twarzowelove.ceron.pl\/index.php?rest_route=\/wp\/v2\/pages\/15\/revisions\/158"}],"wp:featuredmedia":[{"embeddable":true,"href":"https:\/\/twarzowelove.ceron.pl\/index.php?rest_route=\/wp\/v2\/media\/116"}],"wp:attachment":[{"href":"https:\/\/twarzowelove.ceron.pl\/index.php?rest_route=%2Fwp%2Fv2%2Fmedia&parent=15"}],"curies":[{"name":"wp","href":"https:\/\/api.w.org\/{rel}","templated":true}]}}